{"id":11,"date":"2016-08-01T07:47:33","date_gmt":"2016-08-01T07:47:33","guid":{"rendered":"http:\/\/cornerstone.mikado-themes.com\/?page_id=11"},"modified":"2021-08-24T12:04:47","modified_gmt":"2021-08-24T10:04:47","slug":"main-home","status":"publish","type":"page","link":"https:\/\/www.builder-conseils.com\/home\/","title":{"rendered":"Main Home"},"content":{"rendered":"<p>[vc_row][vc_column][rev_slider_vc alias=&#8221;main-home-2&#8243;][\/vc_column][\/vc_row][vc_row css=&#8221;.vc_custom_1578825690335{padding-top: 50px !important;}&#8221;][vc_column][vc_column_text]<\/p>\n<h3 style=\"text-align: center;\"><a href=\"http:\/\/www.builder-conseils.com\/home\/engagements\/\"><span style=\"color: #1e73be;\"><span style=\"color: #000000;\">ARCHITECTURE ET AM\u00c9NAGEMENT D&#8217;ESPACES TERTIAIRES<\/span><\/span><\/a><\/h3>\n<p>[\/vc_column_text][\/vc_column][\/vc_row][vc_row content_width=&#8221;grid&#8221; css=&#8221;.vc_custom_1578825676597{padding-top: 50px !important;padding-bottom: 90px !important;}&#8221;][vc_column width=&#8221;1\/3&#8243; offset=&#8221;vc_col-lg-4&#8243;][vc_single_image image=&#8221;11424&#8243; img_size=&#8221;413&#215;256&#8243;][vc_empty_space height=&#8221;17px&#8221;][vc_column_text]<\/p>\n<h4 style=\"text-align: left;\">De l&#8217;\u00e9tude de l&#8217;espace&#8230;<\/h4>\n<p>[\/vc_column_text][\/vc_column][vc_column width=&#8221;1\/3&#8243; offset=&#8221;vc_col-lg-4&#8243;][vc_single_image image=&#8221;11469&#8243; img_size=&#8221;413&#215;256&#8243;][vc_empty_space height=&#8221;17px&#8221;][vc_column_text]<\/p>\n<h4 style=\"text-align: center;\">&#8230; \u00e0 la r\u00e9alisation<br \/>\nAutocad 3d &amp; projets BIM &#8230;<\/h4>\n<p>[\/vc_column_text][\/vc_column][vc_column width=&#8221;1\/3&#8243;][vc_single_image image=&#8221;10903&#8243; img_size=&#8221;full&#8221;][vc_empty_space height=&#8221;17px&#8221;][vc_column_text]<\/p>\n<h4 style=\"text-align: right;\">&#8230; au choix du mobilier<\/h4>\n<p>[\/vc_column_text][\/vc_column][\/vc_row][vc_row row_type=&#8221;parallax&#8221; content_aligment=&#8221;center&#8221; full_screen_section_height=&#8221;no&#8221; parallax_background_image=&#8221;10908&#8243; css=&#8221;.vc_custom_1576858200257{padding-top: 85px !important;padding-bottom: 137px !important;}&#8221;][vc_column]<div class=\"mkd-elements-holder mkd-responsive-mode-768\" ><div class=\"mkd-elements-holder-item mkd-width-1-1 mkd-horizontal-alignment-left\" data-item-class=\"mkd-elements-holder-custom-495725\" data-768-1024=\"0 15%\" data-600-768=\"0 15%\" >\n\t<div class=\"mkd-elements-holder-item-inner\">\n\t\t<div class=\"mkd-elements-holder-item-content mkd-elements-holder-custom-495725\" style=\"padding: 0 25%\">\n            \t\t\t    <div class=\"mkd-section-title-holder\">\n\t<h1 class=\"mkd-section-title mkd-section-title-large mkd-section-title-center\" style=\"color: #ffffff;text-align: center\">\n\t\t<span>\n\t\t\tLE SUIVI D&#039;UN CHANTIER\t\t<\/span>\n\t<\/h1>\n<\/div>[vc_empty_space height=&#8221;13px&#8221;]\t<div class=\"mkd-video-banner-holder\">\n\t\t<a class=\"mkd-video-banner-link\" href=\"https:\/\/youtu.be\/VJli82AfsOg\"\n\t\t   data-rel=\"prettyPhoto[2055383290]\">\n\t\t\t\t\t\t\t<img width=\"1920\" height=\"1080\" src=\"https:\/\/www.builder-conseils.com\/home\/wp-content\/uploads\/2019\/12\/video-screen23.jpg\" class=\"attachment-full size-full\" alt=\"\" loading=\"lazy\" srcset=\"https:\/\/www.builder-conseils.com\/home\/wp-content\/uploads\/2019\/12\/video-screen23.jpg 1920w, https:\/\/www.builder-conseils.com\/home\/wp-content\/uploads\/2019\/12\/video-screen23-300x169.jpg 300w, https:\/\/www.builder-conseils.com\/home\/wp-content\/uploads\/2019\/12\/video-screen23-1024x576.jpg 1024w, https:\/\/www.builder-conseils.com\/home\/wp-content\/uploads\/2019\/12\/video-screen23-768x432.jpg 768w, https:\/\/www.builder-conseils.com\/home\/wp-content\/uploads\/2019\/12\/video-screen23-1536x864.jpg 1536w\" sizes=\"(max-width: 1920px) 100vw, 1920px\" \/>\t\t\t\t\t\t<div class=\"mkd-video-banner-overlay\">\n\t\t\t\t<div class=\"mkd-vb-overlay-tb\">\n\t\t\t\t\t<div class=\"mkd-vb-overlay-tc\">\n\t\t\t\t\t\t<span class=\"mkd-vb-play-icon\">\n\t\t\t\t\t\t<span aria-hidden=\"true\" class=\"mkd-icon-font-elegant arrow_triangle-right \" ><\/span>\t\t\t\t\t\t<\/span>\n\t\t\t\t\t<\/div>\n\t\t\t\t<\/div>\n\t\t\t<\/div>\n\t\t<\/a>\n\t<\/div>\n            \t\t<\/div>\n\t<\/div>\n<\/div><\/div>[\/vc_column][\/vc_row][vc_row][vc_column][vc_empty_space height=&#8221;13px&#8221;][vc_empty_space height=&#8221;13px&#8221;][\/vc_column][\/vc_row][vc_row row_type=&#8221;parallax&#8221; content_aligment=&#8221;center&#8221; full_screen_section_height=&#8221;no&#8221; parallax_background_image=&#8221;10948&#8243; css=&#8221;.vc_custom_1576887162385{padding-top: 85px !important;padding-bottom: 137px !important;}&#8221;][vc_column width=&#8221;1\/3&#8243;]<div class=\"comparison-slider\" data-orientation=\"horizontal\" data-offset=\"50\">\n\t<img width=\"1024\" height=\"768\" src=\"https:\/\/www.builder-conseils.com\/home\/wp-content\/uploads\/2020\/07\/1av.jpeg\" class=\"attachment-full size-full\" alt=\"\" loading=\"lazy\" srcset=\"https:\/\/www.builder-conseils.com\/home\/wp-content\/uploads\/2020\/07\/1av.jpeg 1024w, https:\/\/www.builder-conseils.com\/home\/wp-content\/uploads\/2020\/07\/1av-300x225.jpeg 300w, https:\/\/www.builder-conseils.com\/home\/wp-content\/uploads\/2020\/07\/1av-768x576.jpeg 768w, https:\/\/www.builder-conseils.com\/home\/wp-content\/uploads\/2020\/07\/1av-800x600.jpeg 800w\" sizes=\"(max-width: 1024px) 100vw, 1024px\" \/>\t<img width=\"1024\" height=\"768\" src=\"https:\/\/www.builder-conseils.com\/home\/wp-content\/uploads\/2020\/07\/1ap1.jpeg\" class=\"attachment-full size-full\" alt=\"\" loading=\"lazy\" srcset=\"https:\/\/www.builder-conseils.com\/home\/wp-content\/uploads\/2020\/07\/1ap1.jpeg 1024w, https:\/\/www.builder-conseils.com\/home\/wp-content\/uploads\/2020\/07\/1ap1-300x225.jpeg 300w, https:\/\/www.builder-conseils.com\/home\/wp-content\/uploads\/2020\/07\/1ap1-768x576.jpeg 768w, https:\/\/www.builder-conseils.com\/home\/wp-content\/uploads\/2020\/07\/1ap1-800x600.jpeg 800w\" sizes=\"(max-width: 1024px) 100vw, 1024px\" \/><\/div>[\/vc_column][vc_column width=&#8221;1\/3&#8243;]<div class=\"comparison-slider\" data-orientation=\"horizontal\" data-offset=\"50\">\n\t<img width=\"1024\" height=\"768\" src=\"https:\/\/www.builder-conseils.com\/home\/wp-content\/uploads\/2020\/07\/2av.jpeg\" class=\"attachment-full size-full\" alt=\"\" loading=\"lazy\" srcset=\"https:\/\/www.builder-conseils.com\/home\/wp-content\/uploads\/2020\/07\/2av.jpeg 1024w, https:\/\/www.builder-conseils.com\/home\/wp-content\/uploads\/2020\/07\/2av-300x225.jpeg 300w, https:\/\/www.builder-conseils.com\/home\/wp-content\/uploads\/2020\/07\/2av-768x576.jpeg 768w, https:\/\/www.builder-conseils.com\/home\/wp-content\/uploads\/2020\/07\/2av-800x600.jpeg 800w\" sizes=\"(max-width: 1024px) 100vw, 1024px\" \/>\t<img width=\"1024\" height=\"768\" src=\"https:\/\/www.builder-conseils.com\/home\/wp-content\/uploads\/2020\/07\/2ap.jpeg\" class=\"attachment-full size-full\" alt=\"\" loading=\"lazy\" srcset=\"https:\/\/www.builder-conseils.com\/home\/wp-content\/uploads\/2020\/07\/2ap.jpeg 1024w, https:\/\/www.builder-conseils.com\/home\/wp-content\/uploads\/2020\/07\/2ap-300x225.jpeg 300w, https:\/\/www.builder-conseils.com\/home\/wp-content\/uploads\/2020\/07\/2ap-768x576.jpeg 768w, https:\/\/www.builder-conseils.com\/home\/wp-content\/uploads\/2020\/07\/2ap-800x600.jpeg 800w\" sizes=\"(max-width: 1024px) 100vw, 1024px\" \/><\/div>[\/vc_column][vc_column width=&#8221;1\/3&#8243;]<div class=\"comparison-slider\" data-orientation=\"horizontal\" data-offset=\"50\">\n\t<img width=\"1024\" height=\"768\" src=\"https:\/\/www.builder-conseils.com\/home\/wp-content\/uploads\/2020\/07\/3av.jpeg\" class=\"attachment-full size-full\" alt=\"\" loading=\"lazy\" srcset=\"https:\/\/www.builder-conseils.com\/home\/wp-content\/uploads\/2020\/07\/3av.jpeg 1024w, https:\/\/www.builder-conseils.com\/home\/wp-content\/uploads\/2020\/07\/3av-300x225.jpeg 300w, https:\/\/www.builder-conseils.com\/home\/wp-content\/uploads\/2020\/07\/3av-768x576.jpeg 768w, https:\/\/www.builder-conseils.com\/home\/wp-content\/uploads\/2020\/07\/3av-800x600.jpeg 800w\" sizes=\"(max-width: 1024px) 100vw, 1024px\" \/>\t<img width=\"1024\" height=\"768\" src=\"https:\/\/www.builder-conseils.com\/home\/wp-content\/uploads\/2020\/07\/3ap.jpeg\" class=\"attachment-full size-full\" alt=\"\" loading=\"lazy\" srcset=\"https:\/\/www.builder-conseils.com\/home\/wp-content\/uploads\/2020\/07\/3ap.jpeg 1024w, https:\/\/www.builder-conseils.com\/home\/wp-content\/uploads\/2020\/07\/3ap-300x225.jpeg 300w, https:\/\/www.builder-conseils.com\/home\/wp-content\/uploads\/2020\/07\/3ap-768x576.jpeg 768w, https:\/\/www.builder-conseils.com\/home\/wp-content\/uploads\/2020\/07\/3ap-800x600.jpeg 800w\" sizes=\"(max-width: 1024px) 100vw, 1024px\" \/><\/div>[\/vc_column][\/vc_row][vc_row content_width=&#8221;grid&#8221; css=&#8221;.vc_custom_1478593995774{padding-top: 85px !important;padding-bottom: 30px !important;background-image: url(http:\/\/cornerstone.mikado-themes.com\/wp-content\/uploads\/2016\/08\/home-1-background-img-1.jpg?id=8483) !important;background-position: center !important;background-repeat: no-repeat !important;background-size: cover !important;}&#8221;][vc_column css=&#8221;.vc_custom_1596798225573{padding-bottom: 0px !important;}&#8221;]<div class=\"mkd-section-title-holder\">\n\t<h1 class=\"mkd-section-title mkd-section-title-large mkd-section-title-center\" style=\"text-align: center\">\n\t\t<span>\n\t\t\tESPACE PRO\t\t<\/span>\n\t<\/h1>\n<\/div><div class=\"mkd-section-subtitle-holder mkd-section-subtitle-center\" style=\"width: 60%\">\n\t<p style=\"text-align: center\" class=\"mkd-section-subtitle\">Retrouvez ci-dessous votre espace privil\u00e9gi\u00e9, accessible sur mot de passe, vous pouvez suivre l'avanc\u00e9e des travaux, photos, vid\u00e9os et commentaires \u00e0 l\u2019appui.<\/p>\n<\/div>[vc_empty_space height=&#8221;25px&#8221;]<div class=\"mkd-blog-slider-holder masonry\" data-dots=\"yes\">\n\t\t\t<article id=\"post-11227\" class=\"post-11227 post type-post status-publish format-standard post-password-required hentry category-projets-en-cours\">\n\t<div class=\"mkd-post-content\">\n\t\t    <div class=\"mkd-post-image\">\n        <a href=\"https:\/\/www.builder-conseils.com\/home\/2020\/01\/15\/octave\/\" title=\"Prot\u00e9g\u00e9\u00a0: OCTAVE\">\n            <img width=\"1000\" height=\"685\" src=\"https:\/\/www.builder-conseils.com\/home\/wp-content\/uploads\/2020\/01\/salesforce-paris-office.jpg\" class=\"attachment-full size-full wp-post-image\" alt=\"\" loading=\"lazy\" srcset=\"https:\/\/www.builder-conseils.com\/home\/wp-content\/uploads\/2020\/01\/salesforce-paris-office.jpg 1000w, https:\/\/www.builder-conseils.com\/home\/wp-content\/uploads\/2020\/01\/salesforce-paris-office-300x206.jpg 300w, https:\/\/www.builder-conseils.com\/home\/wp-content\/uploads\/2020\/01\/salesforce-paris-office-768x526.jpg 768w\" sizes=\"(max-width: 1000px) 100vw, 1000px\" \/>        <\/a>\n    <\/div>\n\t\t<div class=\"mkd-post-text\">\n\t\t\t<div class=\"mkd-post-text-inner\">\n\t\t\t\t<h2 class=\"mkd-post-title\">\n<a href=\"https:\/\/www.builder-conseils.com\/home\/2020\/01\/15\/octave\/\" title=\"Prot\u00e9g\u00e9\u00a0: OCTAVE\">Prot\u00e9g\u00e9\u00a0: OCTAVE<\/a>\n<\/h2>\n\t\t\t\t<form action=\"https:\/\/www.builder-conseils.com\/home\/wp-login.php?action=postpass\" class=\"post-password-form\" method=\"post\">\n\t<p>Cette publication est prot\u00e9g\u00e9e par un mot de passe. Pour la voir, veuillez saisir votre mot de passe ci-dessous\u00a0:<\/p>\n\t<p><label for=\"pwbox-11227\">Mot de passe\u00a0: <input name=\"post_password\" id=\"pwbox-11227\" type=\"password\" size=\"20\" \/><\/label> <input type=\"submit\" name=\"Submit\" value=\"Valider\" \/><\/p><\/form>\n\t\n\t\t\t<\/div>\n\t\t\t<div class=\"mkd-post-info\">\n\t\t\t\t\t\t\t<\/div>\n\t\t<\/div>\n\t<\/div>\n<\/article><article id=\"post-11218\" class=\"post-11218 post type-post status-publish format-standard post-password-required hentry category-projets-en-cours\">\n\t<div class=\"mkd-post-content\">\n\t\t    <div class=\"mkd-post-image\">\n        <a href=\"https:\/\/www.builder-conseils.com\/home\/2020\/01\/15\/grande-armee\/\" title=\"Prot\u00e9g\u00e9\u00a0: AVENUE DE LA GRANDE ARM\u00c9E\">\n            <img width=\"1920\" height=\"800\" src=\"https:\/\/www.builder-conseils.com\/home\/wp-content\/uploads\/2020\/01\/nosengagements.jpg\" class=\"attachment-full size-full wp-post-image\" alt=\"\" loading=\"lazy\" srcset=\"https:\/\/www.builder-conseils.com\/home\/wp-content\/uploads\/2020\/01\/nosengagements.jpg 1920w, https:\/\/www.builder-conseils.com\/home\/wp-content\/uploads\/2020\/01\/nosengagements-300x125.jpg 300w, https:\/\/www.builder-conseils.com\/home\/wp-content\/uploads\/2020\/01\/nosengagements-1024x427.jpg 1024w, https:\/\/www.builder-conseils.com\/home\/wp-content\/uploads\/2020\/01\/nosengagements-768x320.jpg 768w, https:\/\/www.builder-conseils.com\/home\/wp-content\/uploads\/2020\/01\/nosengagements-1536x640.jpg 1536w\" sizes=\"(max-width: 1920px) 100vw, 1920px\" \/>        <\/a>\n    <\/div>\n\t\t<div class=\"mkd-post-text\">\n\t\t\t<div class=\"mkd-post-text-inner\">\n\t\t\t\t<h2 class=\"mkd-post-title\">\n<a href=\"https:\/\/www.builder-conseils.com\/home\/2020\/01\/15\/grande-armee\/\" title=\"Prot\u00e9g\u00e9\u00a0: AVENUE DE LA GRANDE ARM\u00c9E\">Prot\u00e9g\u00e9\u00a0: AVENUE DE LA GRANDE ARM\u00c9E<\/a>\n<\/h2>\n\t\t\t\t<form action=\"https:\/\/www.builder-conseils.com\/home\/wp-login.php?action=postpass\" class=\"post-password-form\" method=\"post\">\n\t<p>Cette publication est prot\u00e9g\u00e9e par un mot de passe. Pour la voir, veuillez saisir votre mot de passe ci-dessous\u00a0:<\/p>\n\t<p><label for=\"pwbox-11218\">Mot de passe\u00a0: <input name=\"post_password\" id=\"pwbox-11218\" type=\"password\" size=\"20\" \/><\/label> <input type=\"submit\" name=\"Submit\" value=\"Valider\" \/><\/p><\/form>\n\t\n\t\t\t<\/div>\n\t\t\t<div class=\"mkd-post-info\">\n\t\t\t\t\t\t\t<\/div>\n\t\t<\/div>\n\t<\/div>\n<\/article><article id=\"post-7483\" class=\"post-7483 post type-post status-publish format-standard post-password-required hentry category-projets-en-cours\">\n\t<div class=\"mkd-post-content\">\n\t\t    <div class=\"mkd-post-image\">\n        <a href=\"https:\/\/www.builder-conseils.com\/home\/2019\/09\/27\/snap-prive\/\" title=\"Prot\u00e9g\u00e9\u00a0: LOGNES\">\n            <img width=\"1920\" height=\"800\" src=\"https:\/\/www.builder-conseils.com\/home\/wp-content\/uploads\/2019\/09\/post-hp.jpg\" class=\"attachment-full size-full wp-post-image\" alt=\"\" loading=\"lazy\" srcset=\"https:\/\/www.builder-conseils.com\/home\/wp-content\/uploads\/2019\/09\/post-hp.jpg 1920w, https:\/\/www.builder-conseils.com\/home\/wp-content\/uploads\/2019\/09\/post-hp-300x125.jpg 300w, https:\/\/www.builder-conseils.com\/home\/wp-content\/uploads\/2019\/09\/post-hp-1024x427.jpg 1024w, https:\/\/www.builder-conseils.com\/home\/wp-content\/uploads\/2019\/09\/post-hp-768x320.jpg 768w, https:\/\/www.builder-conseils.com\/home\/wp-content\/uploads\/2019\/09\/post-hp-1536x640.jpg 1536w\" sizes=\"(max-width: 1920px) 100vw, 1920px\" \/>        <\/a>\n    <\/div>\n\t\t<div class=\"mkd-post-text\">\n\t\t\t<div class=\"mkd-post-text-inner\">\n\t\t\t\t<h2 class=\"mkd-post-title\">\n<a href=\"https:\/\/www.builder-conseils.com\/home\/2019\/09\/27\/snap-prive\/\" title=\"Prot\u00e9g\u00e9\u00a0: LOGNES\">Prot\u00e9g\u00e9\u00a0: LOGNES<\/a>\n<\/h2>\n\t\t\t\t<form action=\"https:\/\/www.builder-conseils.com\/home\/wp-login.php?action=postpass\" class=\"post-password-form\" method=\"post\">\n\t<p>Cette publication est prot\u00e9g\u00e9e par un mot de passe. Pour la voir, veuillez saisir votre mot de passe ci-dessous\u00a0:<\/p>\n\t<p><label for=\"pwbox-7483\">Mot de passe\u00a0: <input name=\"post_password\" id=\"pwbox-7483\" type=\"password\" size=\"20\" \/><\/label> <input type=\"submit\" name=\"Submit\" value=\"Valider\" \/><\/p><\/form>\n\t\n\t\t\t<\/div>\n\t\t\t<div class=\"mkd-post-info\">\n\t\t\t\t\t\t\t<\/div>\n\t\t<\/div>\n\t<\/div>\n<\/article>\t\t\t<\/div>[\/vc_column][\/vc_row][vc_row][vc_column width=&#8221;1\/6&#8243;][vc_single_image image=&#8221;11602&#8243; img_size=&#8221;116&#215;170&#8243;][\/vc_column][vc_column width=&#8221;2\/3&#8243; css=&#8221;.vc_custom_1596819158306{margin-top: 20px !important;margin-left: -79px !important;}&#8221;][vc_column_text]Builder Conseils Siret : 511 696 155 00043<br \/>\nSASU au Capital de : 100 000\u20ac<br \/>\n<a href=\"mailto:contacts@builder-conseils.com\">contacts@builder-conseils.com<\/a><br \/>\n\u00a9 Builder Conseils 2021[\/vc_column_text][\/vc_column][vc_column width=&#8221;1\/6&#8243;][\/vc_column][\/vc_row]<\/p>\n","protected":false},"excerpt":{"rendered":"<p>[vc_row][vc_column][rev_slider_vc alias=&#8221;main-home-2&#8243;][\/vc_column][\/vc_row][vc_row css=&#8221;.vc_custom_1578825690335{padding-top: 50px !important;}&#8221;][vc_column][vc_column_text] ARCHITECTURE ET AM\u00c9NAGEMENT D&#8217;ESPACES TERTIAIRES [\/vc_column_text][\/vc_column][\/vc_row][vc_row content_width=&#8221;grid&#8221; css=&#8221;.vc_custom_1578825676597{padding-top: 50px !important;padding-bottom: 90px !important;}&#8221;][vc_column width=&#8221;1\/3&#8243; offset=&#8221;vc_col-lg-4&#8243;][vc_single_image image=&#8221;11424&#8243; img_size=&#8221;413&#215;256&#8243;][vc_empty_space height=&#8221;17px&#8221;][vc_column_text] De l&#8217;\u00e9tude de l&#8217;espace&#8230; [\/vc_column_text][\/vc_column][vc_column width=&#8221;1\/3&#8243; offset=&#8221;vc_col-lg-4&#8243;][vc_single_image image=&#8221;11469&#8243; img_size=&#8221;413&#215;256&#8243;][vc_empty_space height=&#8221;17px&#8221;][vc_column_text] &#8230; \u00e0 la r\u00e9alisation Autocad 3d &amp; projets BIM &#8230; [\/vc_column_text][\/vc_column][vc_column width=&#8221;1\/3&#8243;][vc_single_image image=&#8221;10903&#8243;&#8230;<\/p>\n","protected":false},"author":1,"featured_media":0,"parent":0,"menu_order":0,"comment_status":"closed","ping_status":"closed","template":"full-width.php","meta":{"_monsterinsights_skip_tracking":false,"_monsterinsights_sitenote_active":false,"_monsterinsights_sitenote_note":"","_monsterinsights_sitenote_category":0},"_links":{"self":[{"href":"https:\/\/www.builder-conseils.com\/home\/wp-json\/wp\/v2\/pages\/11"}],"collection":[{"href":"https:\/\/www.builder-conseils.com\/home\/wp-json\/wp\/v2\/pages"}],"about":[{"href":"https:\/\/www.builder-conseils.com\/home\/wp-json\/wp\/v2\/types\/page"}],"author":[{"embeddable":true,"href":"https:\/\/www.builder-conseils.com\/home\/wp-json\/wp\/v2\/users\/1"}],"replies":[{"embeddable":true,"href":"https:\/\/www.builder-conseils.com\/home\/wp-json\/wp\/v2\/comments?post=11"}],"version-history":[{"count":96,"href":"https:\/\/www.builder-conseils.com\/home\/wp-json\/wp\/v2\/pages\/11\/revisions"}],"predecessor-version":[{"id":11610,"href":"https:\/\/www.builder-conseils.com\/home\/wp-json\/wp\/v2\/pages\/11\/revisions\/11610"}],"wp:attachment":[{"href":"https:\/\/www.builder-conseils.com\/home\/wp-json\/wp\/v2\/media?parent=11"}],"curies":[{"name":"wp","href":"https:\/\/api.w.org\/{rel}","templated":true}]}}