{"id":9269,"date":"2016-11-04T14:02:47","date_gmt":"2016-11-04T14:02:47","guid":{"rendered":"http:\/\/cornerstone.mikado-themes.com\/?page_id=9269"},"modified":"2021-08-05T19:05:31","modified_gmt":"2021-08-05T17:05:31","slug":"engagements","status":"publish","type":"page","link":"https:\/\/www.builder-conseils.com\/home\/engagements\/","title":{"rendered":"NOS ENGAGEMENTS"},"content":{"rendered":"<p>[vc_row css=&#8221;.vc_custom_1578856878590{padding-top: 50px !important;}&#8221;][vc_column css=&#8221;.vc_custom_1578869328407{padding-bottom: 55px !important;}&#8221;][vc_column_text]<\/p>\n<h3 style=\"text-align: center;\"><span style=\"color: #1e73be;\">Voici quelques points non exhaustifs n\u00e9anmoins importants que nous vous garantissons.<\/span><\/h3>\n<p>[\/vc_column_text][\/vc_column][\/vc_row][vc_row content_width=&#8221;grid&#8221; content_aligment=&#8221;center&#8221; css=&#8221;.vc_custom_1578869136150{padding-top: 50px !important;padding-bottom: 15px !important;background-color: #f5f5f5 !important;}&#8221;][vc_column]<div class=\"mkd-section-title-holder\">\n\t<h1 class=\"mkd-section-title mkd-section-title-large\" >\n\t\t<span>\n\t\t\tPREUVES DE NOTRE PROFESSIONNALISME :\t\t<\/span>\n\t<\/h1>\n<\/div>[\/vc_column][vc_column css=&#8221;.vc_custom_1578869191256{padding-top: 55px !important;padding-right: 10% !important;padding-left: 10% !important;}&#8221; offset=&#8221;vc_col-lg-4 vc_col-md-4&#8243;]<div class=\"mkd-iwt clearfix mkd-iwt-icon-top mkd-iwt-icon-tiny\" style=\"text-align: center\">\n\t<div class=\"mkd-iwt-icon-holder\">\n\t\t\t\t\t<span\n\t\t\t\tclass=\"mkd-iwt-custom-icon\" ><img width=\"200\" height=\"200\" src=\"https:\/\/www.builder-conseils.com\/home\/wp-content\/uploads\/2020\/01\/casqueetroue-e1578861140168.png\" class=\"attachment-full size-full\" alt=\"\" loading=\"lazy\" \/><\/span>\n\t\t\t<\/div>\n\t<div class=\"mkd-iwt-content-holder\" >\n\t\t\t\t<div class=\"mkd-iwt-title-holder\">\n\t\t\t<h4\t\t\tclass=\"mkd-iwt-title\" style=\"font-weight: 700\"\t\t\t>Assurer la logistique de chantiers<\/h4>\n\t<\/div>\n\t\t<div class=\"mkd-iwt-text-holder\">\n\t\t<p >Cela peut paraitre \u00e9vident, mais nous insistons sur le fait que toute la logistique, livraison des mat\u00e9riaux, du mobilier ou encore des mati\u00e8res premi\u00e8res sera suivi avec pr\u00e9cision.<\/p>\n\n\t\t\t<\/div>\n<\/div>\n<\/div>[vc_empty_space height=&#8221;55px&#8221;]<div class=\"mkd-iwt clearfix mkd-iwt-icon-top mkd-iwt-icon-tiny\" style=\"text-align: center\">\n\t<div class=\"mkd-iwt-icon-holder\">\n\t\t\t\t\t<span\n\t\t\t\tclass=\"mkd-iwt-custom-icon\" ><img width=\"200\" height=\"200\" src=\"https:\/\/www.builder-conseils.com\/home\/wp-content\/uploads\/2020\/01\/crayonliste-e1578861181428.png\" class=\"attachment-full size-full\" alt=\"\" loading=\"lazy\" \/><\/span>\n\t\t\t<\/div>\n\t<div class=\"mkd-iwt-content-holder\" >\n\t\t\t\t<div class=\"mkd-iwt-title-holder\">\n\t\t\t<h4\t\t\tclass=\"mkd-iwt-title\" style=\"font-weight: 700\"\t\t\t>Etablir un compte-rendu de chantier r\u00e9guli\u00e8rement<\/h4>\n\t<\/div>\n\t\t<div class=\"mkd-iwt-text-holder\">\n\t\t<p >Sur ce m\u00eame site, une section priv\u00e9e vous sera d\u00e9di\u00e9e. Au travers de cet espace pro, vous pourrez suivre toutes les avanc\u00e9es de votre chantier.<\/p>\n\n\t\t\t<\/div>\n<\/div>\n<\/div>[vc_empty_space height=&#8221;65px&#8221;][\/vc_column][vc_column css=&#8221;.vc_custom_1578869184100{padding-top: 55px !important;padding-right: 10% !important;padding-left: 10% !important;}&#8221; offset=&#8221;vc_col-lg-4 vc_col-md-4&#8243;]<div class=\"mkd-iwt clearfix mkd-iwt-icon-top mkd-iwt-icon-tiny\" style=\"text-align: center\">\n\t<div class=\"mkd-iwt-icon-holder\">\n\t\t\t\t\t<span\n\t\t\t\tclass=\"mkd-iwt-custom-icon\" ><img width=\"200\" height=\"200\" src=\"https:\/\/www.builder-conseils.com\/home\/wp-content\/uploads\/2020\/01\/mainetroue-e1578861161451.png\" class=\"attachment-full size-full\" alt=\"\" loading=\"lazy\" \/><\/span>\n\t\t\t<\/div>\n\t<div class=\"mkd-iwt-content-holder\" >\n\t\t\t\t<div class=\"mkd-iwt-title-holder\">\n\t\t\t<h4\t\t\tclass=\"mkd-iwt-title\" style=\"font-weight: 900\"\t\t\t>Garantie des d\u00e9lais<\/h4>\n\t<\/div>\n\t\t<div class=\"mkd-iwt-text-holder\">\n\t\t<p >Garantir la logistique nous am\u00e8nera \u00e0 vous fournir dans les d\u00e9lais incomb\u00e9s, la finalit\u00e9 du chantier.<\/p>\n\n\t\t\t<\/div>\n<\/div>\n<\/div>[vc_empty_space height=&#8221;55px&#8221;]<div class=\"mkd-iwt clearfix mkd-iwt-icon-top mkd-iwt-icon-tiny\" style=\"text-align: center\">\n\t<div class=\"mkd-iwt-icon-holder\">\n\t\t\t\t\t<span\n\t\t\t\tclass=\"mkd-iwt-custom-icon\" ><img width=\"200\" height=\"200\" src=\"https:\/\/www.builder-conseils.com\/home\/wp-content\/uploads\/2020\/01\/computer-e1578859473903.png\" class=\"attachment-full size-full\" alt=\"\" loading=\"lazy\" \/><\/span>\n\t\t\t<\/div>\n\t<div class=\"mkd-iwt-content-holder\" >\n\t\t\t\t<div class=\"mkd-iwt-title-holder\">\n\t\t\t<h4\t\t\tclass=\"mkd-iwt-title\" style=\"font-weight: 900\"\t\t\t>Conseils techniques et r\u00e9glementaires<\/h4>\n\t<\/div>\n\t\t<div class=\"mkd-iwt-text-holder\">\n\t\t<p >Notre expertise et nos connaissances vous feront profiter de conseils et suggestions techniques ou simplement d&#039;am\u00e9nagement, faites nous confiance !<\/p>\n\n\t\t\t<\/div>\n<\/div>\n<\/div>[vc_empty_space height=&#8221;65px&#8221;][\/vc_column][vc_column css=&#8221;.vc_custom_1578869175454{padding-top: 55px !important;padding-right: 10% !important;padding-left: 10% !important;}&#8221; offset=&#8221;vc_col-lg-4 vc_col-md-4&#8243;]<div class=\"mkd-iwt clearfix mkd-iwt-icon-top mkd-iwt-icon-tiny\" style=\"text-align: center\">\n\t<div class=\"mkd-iwt-icon-holder\">\n\t\t\t\t\t<span\n\t\t\t\tclass=\"mkd-iwt-custom-icon\" ><img width=\"200\" height=\"200\" src=\"https:\/\/www.builder-conseils.com\/home\/wp-content\/uploads\/2020\/01\/calculatrice-e1578859435764.png\" class=\"attachment-full size-full\" alt=\"\" loading=\"lazy\" \/><\/span>\n\t\t\t<\/div>\n\t<div class=\"mkd-iwt-content-holder\" >\n\t\t\t\t<div class=\"mkd-iwt-title-holder\">\n\t\t\t<h4\t\t\tclass=\"mkd-iwt-title\" style=\"font-weight: 700\"\t\t\t>Respecter les engagements financiers<\/h4>\n\t<\/div>\n\t\t<div class=\"mkd-iwt-text-holder\">\n\t\t<p >Il en sera de notre responsabilit\u00e9 si un d\u00e9passement de budget se pr\u00e9sente dans la phase de r\u00e9alisation de votre projet.<\/p>\n\n\t\t\t<\/div>\n<\/div>\n<\/div>[vc_empty_space height=&#8221;55px&#8221;]<div class=\"mkd-iwt clearfix mkd-iwt-icon-top mkd-iwt-icon-tiny\" style=\"text-align: center\">\n\t<div class=\"mkd-iwt-icon-holder\">\n\t\t\t\t\t<span\n\t\t\t\tclass=\"mkd-iwt-custom-icon\" ><img width=\"200\" height=\"200\" src=\"https:\/\/www.builder-conseils.com\/home\/wp-content\/uploads\/2020\/01\/cravayecasque-e1578861194976.png\" class=\"attachment-full size-full\" alt=\"\" loading=\"lazy\" \/><\/span>\n\t\t\t<\/div>\n\t<div class=\"mkd-iwt-content-holder\" >\n\t\t\t\t<div class=\"mkd-iwt-title-holder\">\n\t\t\t<h4\t\t\tclass=\"mkd-iwt-title\" style=\"font-weight: 700\"\t\t\t>S\u00e9curit\u00e9 de nos \u00e9quipes et du personnel de nos clients<\/h4>\n\t<\/div>\n\t\t<div class=\"mkd-iwt-text-holder\">\n\t\t<p >Tous nos ouvrages sont assur\u00e9s par xxxxx et s\u00e9curis\u00e9s par xxxxx<\/p>\n\n\t\t\t<\/div>\n<\/div>\n<\/div>[vc_empty_space height=&#8221;65px&#8221;][\/vc_column][\/vc_row][vc_row][vc_column width=&#8221;1\/6&#8243;][vc_single_image image=&#8221;14&#8243; img_size=&#8221;116&#215;170&#8243;][\/vc_column][vc_column width=&#8221;2\/3&#8243; css=&#8221;.vc_custom_1596819220917{margin-top: 20px !important;margin-left: -79px !important;}&#8221;][vc_column_text]Builder Conseils Siret : 511 696 155 00031<br \/>\nSASU au Capital de : 100 000\u20ac<br \/>\n<a href=\"mailto:contacts@builder-conseils.com\">contacts@builder-conseils.com<\/a><br \/>\n\u00a9 Builder Conseils 2020[\/vc_column_text][\/vc_column][vc_column width=&#8221;1\/6&#8243;][\/vc_column][\/vc_row]<\/p>\n","protected":false},"excerpt":{"rendered":"<p>[vc_row css=&#8221;.vc_custom_1578856878590{padding-top: 50px !important;}&#8221;][vc_column css=&#8221;.vc_custom_1578869328407{padding-bottom: 55px !important;}&#8221;][vc_column_text] Voici quelques points non exhaustifs n\u00e9anmoins importants que nous vous garantissons. [\/vc_column_text][\/vc_column][\/vc_row][vc_row content_width=&#8221;grid&#8221; content_aligment=&#8221;center&#8221; css=&#8221;.vc_custom_1578869136150{padding-top: 50px !important;padding-bottom: 15px !important;background-color: #f5f5f5 !important;}&#8221;][vc_column][\/vc_column][vc_column css=&#8221;.vc_custom_1578869191256{padding-top: 55px !important;padding-right: 10% !important;padding-left: 10% !important;}&#8221; offset=&#8221;vc_col-lg-4 vc_col-md-4&#8243;][vc_empty_space height=&#8221;55px&#8221;][vc_empty_space height=&#8221;65px&#8221;][\/vc_column][vc_column css=&#8221;.vc_custom_1578869184100{padding-top: 55px !important;padding-right: 10% !important;padding-left: 10%&#8230;<\/p>\n","protected":false},"author":1,"featured_media":0,"parent":0,"menu_order":0,"comment_status":"closed","ping_status":"closed","template":"full-width.php","meta":{"_monsterinsights_skip_tracking":false,"_monsterinsights_sitenote_active":false,"_monsterinsights_sitenote_note":"","_monsterinsights_sitenote_category":0},"_links":{"self":[{"href":"https:\/\/www.builder-conseils.com\/home\/wp-json\/wp\/v2\/pages\/9269"}],"collection":[{"href":"https:\/\/www.builder-conseils.com\/home\/wp-json\/wp\/v2\/pages"}],"about":[{"href":"https:\/\/www.builder-conseils.com\/home\/wp-json\/wp\/v2\/types\/page"}],"author":[{"embeddable":true,"href":"https:\/\/www.builder-conseils.com\/home\/wp-json\/wp\/v2\/users\/1"}],"replies":[{"embeddable":true,"href":"https:\/\/www.builder-conseils.com\/home\/wp-json\/wp\/v2\/comments?post=9269"}],"version-history":[{"count":27,"href":"https:\/\/www.builder-conseils.com\/home\/wp-json\/wp\/v2\/pages\/9269\/revisions"}],"predecessor-version":[{"id":11591,"href":"https:\/\/www.builder-conseils.com\/home\/wp-json\/wp\/v2\/pages\/9269\/revisions\/11591"}],"wp:attachment":[{"href":"https:\/\/www.builder-conseils.com\/home\/wp-json\/wp\/v2\/media?parent=9269"}],"curies":[{"name":"wp","href":"https:\/\/api.w.org\/{rel}","templated":true}]}}